 s be 4*(7 - 3 - 3). Suppose 5*c - s*y = -y + 38, 38 = 3*c + p*y. What is the remainder when c is divided by 1?
0
Let g(r) = -r**2 - 34*r + 66. What is the remainder when g(-34) is divided by 9?
3
Suppose 84 = 4*s + 4*z, -38*z = 5*s - 34*z - 103. What is the remainder when 2674 is divided by s?
14
Suppose 3*m = 7*m + c + 140, 0 = -2*c. Let s be (m/15 + 3)*72. Calculate the remainder when 57 is divided by ((-9)/(-18))/(2/s).
9
Suppose 3*q + 24*g - 138 = 23*g, -2*q = 3*g - 106. What is the remainder when 391 is divided by q?
39
What is the remainder when 1033 is divided by (-45424)/(-1768) - (-1)/((-26)/(-8))?
19
Suppose -4*k - 2*q + 33 = k, q = 3*k - 22. Suppose -13*w + k*w = -192. Suppose w*v = 19*v + 260. Calculate the remainder when 94 is divided by v.
14
Let k(n) = -2*n**2 - 3*n + 27. Suppose 152 - 44 = 2*f - 3*j, -5*j = 4*f - 194. Calculate the remainder when f is divided by k(0).
24
Suppose 0 = -4*v + 4, -6*k + 10*k - 519 = 5*v. Calculate the remainder when 588 is divided by k.
64
Suppose 2*x = -2*s + 14, -72*s + 71*s - 8 = -4*x. Let z(y) = y**3 + 5*y**2 + 3*y. Suppose -5*a = -10*a - 15. What is the remainder when z(a) is divided by s?
1
Suppose -4 = -g + 4*s, 3*s - 44 = -2*g - 3. Calculate the remainder when g is divided by (3/15 - -1)/(1128/3760).
0
Suppose -2*w - 2*r = w - 486, -52*r = -53*r. Calculate the remainder when w is divided by 47.
21
Let a(d) be the second derivative of -d**3 + 229*d**2/2 + 92*d. Calculate the remainder when 102 is divided by a(36).
11
Suppose 5*o = 4*s - 2011, 0 = 21*s - 24*s + 5*o + 1517. Calculate the remainder when s is divided by 100.
94
Let u = -485 - -507. Suppose 0 = -27*h + u*h + 260. What is the remainder when h is divided by 7?
3
Suppose 3*y = -l + 4*l + 3, -y + 4 = 0. Let z(w) = 7*w + 77 - 33 - 26. Calculate the remainder when 74 is divided by z(l).
35
Let d = 101 + -101. Suppose d = 50*z - 53*z + 282. Calculate the remainder when z is divided by 32.
30
Let m be (-1 - (-2 + -11*8))/1. Suppose -m = -4*l - r, 4*l - 5*r = l + 38. Calculate the remainder when 65 is divided by l + (0 - (-3 + 2)).
21
Let m(x) = 49*x + 1. Suppose 5*v - 3*t = 2*v + 753, -3*v - 4*t = -704. Calculate the remainder when v is divided by m(1).
44
What is the remainder when (-1785)/(-10115) - 29540/(-34) is divided by 215?
9
What is the remainder when ((-18)/16)/((-123)/(-912004))*(-6)/9 is divided by 107?
104
What is the remainder when 673 is divided by (-26*(-2)/(-4))/(24/(-48))?
23
Let v(a) = -3*a**3 - 19*a**2 + 7*a + 19. What is the remainder when 746 is divided by v(-7)?
66
Suppose k = -v - 1 + 3, 0 = 5*k - v + 14. Let g(x) = -8*x + 38. Calculate the remainder when 214 is divided by g(k).
52
Let d = 186 + -331. Let y = 227 + d. Calculate the remainder when y is divided by 7.
5
Let j(m) = -3*m - 15. Let c be 15/(-12)*-4*-2 - -1. Let l be j(c). Suppose -16*x + 560 = -l*x. Calculate the remainder when x is divided by 29.
24
Let l(g) = -137*g + 1. Let a = -77050 - -77064. Calculate the remainder when l(-1) is divided by a.
12
Let f(x) = 10*x**3 + x**2 - 1. Let i be f(-1). Let b(z) = 43*z**2 + 5 - 7*z + z**3 + 9 - 7 - 33*z**2 + 5. What is the remainder when b(i) is divided by 42?
40
Let g(a) = a**3 + 12*a**2 + 14*a + 236. Calculate the remainder when 131 is divided by g(-12).
63
Let i(p) = -2 - 2*p - 4 - 25*p - p - 9*p. Calculate the remainder when i(-3) is divided by 18.
15
Calculate the remainder when 496 is divided by 3168/21 - (-384)/336.
40
Let v = 2848 - 2814. Suppose -u + 230 = -m, -4*m = 2*u - 159 - 331. What is the remainder when u is divided by v?
31
Let l(h) = 26*h + 2. Let z be 0/(-20) + -1 + 4. What is the remainder when l(2) is divided by ((-210)/(-28))/(z/6)?
9
Let m be (-3)/(-5)*(-15)/(-3). Suppose -m*l = -0 - 9. Suppose -a + 0*a - l*j = -25, 5*a = j + 61. Calculate the remainder when a is divided by 7.
6
Let m be 3*4/66 + (-439320)/(-1320). Let l = m + -134. What is the remainder when l is divided by 21?
10
What is the remainder when (3990/(-171))/((-1)/363) - (-3 - 5) is divided by 16?
14
Let y(s) = s**3 + 8*s**2 + 9*s + 7. Let r be (40/(-1))/(3/15). Calculate the remainder when (-160)/r*(-305)/(-2) is divided by y(-6).
22
Let x be (12/(-15))/((-3)/45). What is the remainder when 12 + x/2 + -1 is divided by 9?
8
Suppose 32*t = 48*t - 304. Let z = 26 + t. What is the remainder when 165 is divided by z?
30
Suppose -4*q = -16 + 4. Suppose -q = -m + 15. Let z(n) = 19*n**2 - 237*n - 1590. Calculate the remainder when z(-5) is divided by m.
16
Suppose 12*m - 11*m - 7 = -2*o, o = m + 2. Suppose -7*x + 108 = 4*y - o*x, 2*y = 4*x + 60. What is the remainder when y is divided by 4 + 18 + -7 + 3?
10
Suppose -67 - 37 = -4*m. Let z = 162 - 155. Calculate the remainder when m is divided by 1/(z*(-8)/(-952)).
9
Calculate the remainder when 57/(513/(-2790))*-8*1 is divided by 36.
32
Suppose 139121 = 356*f - 1050987. Calculate the remainder when f is divided by 62.
57
Let g = 9 + -8. Let p(u) = 8*u**2 - u + 1. Suppose -518 = 19*z - 1563. Calculate the remainder when z is divided by p(g).
7
Calculate the remainder when (2 - 1)*(36/(-4) + 486) is divided by 96.
93
Suppose 9*t + 793 + 71 = 0. What is the remainder when 140 is divided by (1/(-1))/(6/t - 0)?
12
Let s(z) = 6*z**2 - 5*z + 4. Let f = -98 + 92. What is the remainder when s(f) is divided by 36?
34
Suppose 69*q - 1934 = 895. Suppose 0 = q*p - 49*p + 240. Calculate the remainder when 89 is divided by p.
29
Suppose -2*p + 2*d = 306, 2*d + 459 = 2*p - 5*p. Let u = p - -77. Let o = u - -101. Calculate the remainder when 99 is divided by o.
24
Let i(w) = -37 + 25 - 3*w**2 + 2*w**2 - 21*w - 82. What is the remainder when 43 is divided by i(-7)?
3
Let u(r) = -5*r + 291. Let o be u(-6). Let d = -272 + o. What is the remainder when d is divided by 10?
9
Calculate the remainder when 11/44*4820/(-5)*-1 is divided by 42.
31
Let r = 97 - 74. Suppose -r - 75 = -14*i. Suppose -27 = -i*a + 22. Calculate the remainder when 25 is divided by a.
4
Suppose 10*w - 25 = 5*w + 3*j, 4*j - 12 = w. What is the remainder when (-14 + 38)/(-1 - -3) is divided by w?
4
Let r = 31437 + -25558. Calculate the remainder when r is divided by 35.
34
Let j = 1041 - 948. Calculate the remainder when 529 is divided by j.
64
Suppose -109*t + 104 = -101*t. Suppose -3*o - 71 = -5*y, 12*y - t*y + 5*o + 23 = 0. Calculate the remainder when y is divided by 2.
1
Suppose 1495*z = 1550*z - 1815. What is the remainder when 262 is divided by z?
31
Let k = -198 + 208. Calculate the remainder when 41 is divided by (-1 - k) + 8 + (2 - -20).
3
Let v(o) = -2*o**2 + 46*o - 173. Let u be ((-4)/12*0)/3. What is the remainder when 0 + (u - 0) + 7 is divided by v(18)?
0
Let f = -224 - -619. Let b be (-1)/(6 - 2) - f/4. Let p = b + 128. What is the remainder when 86 is divided by p?
28
What is the remainder when (1109/(-2) - 2)/(197/(-394)) is divided by 8?
1
Let v be 7 + (-8)/(2 - -2). Suppose 2*x = -v*z - x + 75, -9 = -2*z + 3*x. Suppose 70 = 19*b - z*b. Calculate the remainder when 57 is divided by b.
7
Suppose -111*a - 3344 = -100*a. Let z = a - -511. Let s = 9 - -33. Calculate the remainder when z is divided by s.
39
Suppose 224 = -3*q + 10*q. Suppose 0 = 10*p - 6*p - q. Let a(i) = 2*i**2 - 6*i + 2. What is the remainder when a(4) is divided by p?
2
Let g(b) = b**2 + 42*b - 166. Let x be g(-41). Let v = 294 + x. Calculate the remainder when v is divided by 30.
27
Let a = 5 - 2. Suppose -a*u = -0*u - 78. What is the remainder when (-55816)/(-360) - ((-903)/945 - -1) is divided by u?
25
Let c(l) = l + 6. Let x be c(-2). Let i be (-2)/(-2 - x/(-3)). What is the remainder when 4 is divided by (3 + -9)/(-2*(i + -2))?
1
Let k be 1/((-5)/(-30)) - 1. Suppose 3*f - k*f + 98 = 0. Let l = f - 45. Calculate the remainder when 11 is divided by l.
3
Let c be (1 - 8 - -7)*1. Suppose c*j = 9*j - 315. Calculate the remainder when j is divided by 7.
0
Calculate the remainder when (-4)/(-2)*(-9288)/(-144) is divided by 33.
30
Let i be ((-9)/(-4))/((-3)/(-8)). Suppose 0 = -x + 4*c + 14, -3*x + x - 3*c = -i. Suppose -10*q = -x*q - 212. Calculate the remainder when q is divided by 27.
26
Let n(x) = 1316*x - 3929. What is the remainder when (2 - -7)/((-2)/(-12)) is divided by n(3)?
16
Suppose 7714 = -54*p + 8200. Calculate the remainder when 815